f 157939600 and 3120?
1040
Calculate the greatest common divisor of 105 and 61976908.
7
What is the highest common divisor of 75 and 2532002775?
75
Calculate the highest common factor of 2222415 and 1508.
377
What is the greatest common factor of 791 and 183723197?
791
Calculate the highest common divisor of 495992 and 18224.
136
Calculate the highest common factor of 100 and 41646350.
50
Calculate the highest common divisor of 7513149 and 2769.
213
Calculate the highest common factor of 35954104 and 24.
8
What is the highest common divisor of 2071110 and 6630?
510
What is the highest common factor of 64381276 and 76416?
796
What is the highest common divisor of 1380 and 451740?
60
What is the highest common factor of 554246 and 9054199?
4543
Calculate the highest common factor of 61218 and 191988.
18
Calculate the highest common factor of 903868280 and 120.
40
What is the greatest common factor of 135360 and 1244?
4
What is the greatest common factor of 2968 and 79792?
8
What is the highest common divisor of 117234 and 302562?
702
Calculate the greatest common divisor of 2570 and 318645048.
514
Calculate the highest common factor of 27540183 and 372.
93
Calculate the highest common divisor of 16 and 2507624.
8
Calculate the greatest common divisor of 11652273 and 26631.
2421
Calculate the greatest common factor of 11 and 25533673.
11
What is the greatest common divisor of 417 and 17592?
3
Calculate the greatest common factor of 970 and 6736900.
10
Calculate the greatest common factor of 39312 and 959556780.
9828
What is the highest common divisor of 2367296784 and 6494?
6494
Calculate the highest common factor of 78 and 375216.
6
What is the highest common divisor of 1671831 and 4029?
51
Calculate the highest common divisor of 365 and 6635.
5
Calculate the greatest common factor of 29261 and 3025991.
1009
Calculate the greatest common factor of 17147 and 48533924.
1319
What is the highest common factor of 184939 and 22831?
79
What is the greatest common factor of 13653 and 74191919?
1517
Calculate the greatest common factor of 336 and 22151472.
336
Calculate the greatest common divisor of 3 and 28446582.
3
Calculate the greatest common factor of 8624 and 101563.
77
Calculate the highest common factor of 150679600 and 400.
400
Calculate the greatest common divisor of 13440 and 14495740.
140
Calculate the greatest common factor of 2778705 and 16020.
45
Calculate the greatest common factor of 943718 and 30086.
614
Calculate the highest common factor of 5183675 and 70.
35
What is the greatest common divisor of 10624 and 11670962?
166
Calculate the highest common divisor of 17139784 and 368.
184
What is the highest common divisor of 31237562 and 2367?
263
Calculate the greatest common factor of 39756 and 228012.
12
What is the greatest common factor of 39 and 115268413?
13
What is the highest common divisor of 3068 and 22831276?
52
Calculate the highest common divisor of 774176 and 1552512.
416
Calculate the greatest common factor of 375469 and 21994.
1571
What is the highest common factor of 345 and 88450525?
115
Calculate the greatest common factor of 1367721 and 36.
9
Calculate the highest common factor of 19894 and 112504.
686
Calculate the greatest common divisor of 50131760 and 1520.
80
Calculate the greatest common divisor of 9295447 and 85.
17
What is the greatest common factor of 469 and 1307063135?
469
What is the greatest common factor of 666008 and 40?
8
What is the highest common factor of 3890770 and 76812?
346
Calculate the greatest common factor of 9022 and 40781.
13
Calculate the highest common divisor of 8166455 and 1.
1
What is the highest common divisor of 380864 and 1936?
176
Calculate the greatest common factor of 793 and 9683567.
61
What is the greatest common divisor of 1539550 and 1100?
50
Calculate the greatest common factor of 7941825 and 2820.
705
Calculate the highest common divisor of 9545877 and 13959.
297
What is the greatest common divisor of 1008 and 111918096?
144
Calculate the greatest common factor of 208 and 902096.
208
Calculate the greatest common factor of 672523 and 21289.
349
What is the highest common divisor of 528 and 2995080?
264
What is the highest common divisor of 94337998 and 34?
34
Calculate the highest common divisor of 168 and 5355729624.
168
Calculate the greatest common factor of 143964 and 23890026.
7998
Calculate the highest common divisor of 652 and 536035117.
163
What is the greatest common factor of 266447 and 2062?
1
Calculate the highest common factor of 26973134 and 1642.
1642
Calculate the highest common divisor of 828883 and 49412.
11
What is the highest common factor of 352 and 4397096?
88
What is the greatest common factor of 1322 and 1190?
2
Calculate the highest common factor of 116604 and 402742.
158
What is the highest common divisor of 169176894 and 2958?
2958
Calculate the greatest common divisor of 369876 and 4251.
39
Calculate the highest common factor of 4 and 3797142.
2
Calculate the highest common factor of 31227 and 3108.
21
Calculate the greatest common factor of 188 and 31774585.
47
Calculate the highest common divisor of 2106 and 363129.
39
Calculate the highest common divisor of 49 and 59929303.
49
Calculate the highest common factor of 59 and 2643037573.
59
What is the highest common factor of 6702182 and 25738?
34
Calculate the highest common factor of 2651 and 38027.
11
What is the greatest common divisor of 29808 and 1041440?
368
What is the highest common divisor of 5798 and 86658?
26
What is the highest common divisor of 11861 and 5249?
29
What is the highest common divisor of 807552 and 72288?
288
What is the greatest common divisor of 3305024 and 7345?
113
What is the greatest common divisor of 983262 and 53382?
1722
Calculate the greatest common divisor of 94445 and 96399285.
7265
Calculate the highest common divisor of 200 and 27375080.
40
Calculate the highest common divisor of 51 and 439453621.
17
What is the highest common divisor of 49 and 31204670?
49
Calculate the greatest common factor of 5750 and 1150300.
50
What is the highest common divisor of 48937207 and 33?
11
Calculate the highest common factor of 74180 and 9230.
10
Calculate the highest common factor of 1160868351 and 69.
69
What is the greatest common divisor of 1720346 and 11342?
214
Calculate the greatest common factor of 2955 and 10265205.
15
Calculate the greatest common factor of 312 and 2473784.
8
What is the greatest common factor of 47244 and 674188?
124
Calculate the highest common factor of 534323073 and 54435.
10887
Calculate the greatest common divisor of 20412 and 28836.
324
What is the highest common factor of 2682 and 365497?
149
Calculate the greatest common factor of 86641230 and 20061.
2229
What is the greatest common divisor of 78706 and 475186?
118
What is the greatest common divisor of 180 and 4087184?
4
What is the highest common factor of 18564325 and 17925?
5975
What is the highest common divisor of 1435 and 4704750?
205
Calculate the highest common factor of 614718958 and 28.
14
Calculate the highest common divisor of 316 and 494679672.
316
What is the highest common factor of 39880136 and 992?
248
What is the greatest common divisor of 20121558 and 4626?
1542
Calculate the greatest common factor of 108 and 24894108.
108
What is the highest common divisor of 44 and 511873296?
44
Calculate the highest common factor of 66060 and 16000.
20
Calculate the greatest common factor of 1565532 and 2448.
36
Calculate the highest common divisor of 2329 and 3176071.
137
What is the highest common divisor of 2120802 and 1698?
1698
Calculate the highest common divisor of 677 and 8664246.
677
What is the highest common divisor of 38160028 and 7412?
436
Calculate the highest common divisor of 2569640 and 16414.
566
What is the greatest common factor of 24462 and 519858?
162
Calculate the greatest common factor of 14743002 and 102.
6
What is the highest common factor of 2618 and 1523984?
154
What is the greatest common factor of 33852265 and 3485?
205
What is the greatest common divisor of 829099 and 12445?
131
Calculate the highest common factor of 10327 and 2256697348.
10327
What is the highest common factor of 1680 and 4327944?
24
What is the greatest common factor of 202 an